{"id":2153,"date":"2025-07-09T08:30:41","date_gmt":"2025-07-09T06:30:41","guid":{"rendered":"https:\/\/twistedtales.tv\/tales\/"},"modified":"2026-01-27T11:17:02","modified_gmt":"2026-01-27T10:17:02","slug":"maerchen","status":"publish","type":"page","link":"https:\/\/twistedtales.tv\/de\/maerchen\/","title":{"rendered":"M\u00e4rchen"},"content":{"rendered":"\t\t\t\t<article\n\t\t\tclass=\"container about-article mb-10.75\">\n\t\t\t\t\t\t\t<header class=\"border-t-2 italic text-[40px] pt-1 mb-8 md:mb-12.5 md:border-t-[3px] md:text-[50px] lg:text-[40px]\">\n\t\t\t\t\t<strong class=\"font-semibold\">M\u00e4rchen<\/strong>\n\t\t\t\t<\/header>\n\t\t\t\t\t\t<div class=\"lg:grid lg:grid-cols-6 lg:gap-6.25\">\n\t\t\t\t<div class=\"space-y-5 lg:space-y-6.25 lg:col-span-4 lg:col-start-2\">\n\t\t\t\t\t\t\t\t\t\t\t\t\t\t\t\t\t\t\t\t\t\t\t\t\t\t\t\t\t\t\t\t\t\t\t\t\t<p><span style=\"font-weight: 400;\">Bei Twisted Tales verharren M\u00e4rchen nicht in der Vergangenheit. Wir erz\u00e4hlen die weltweit beliebtesten Geschichten neu, wobei Liebe, Mut und Empathie im Mittelpunkt stehen.\u00a0<\/span><\/p>\n<p><span style=\"font-weight: 400;\">Altbekannte Figuren erhalten hier eine neue Stimme, neue Aufgaben und neue Tr\u00e4ume. M\u00e4dchen bestimmen \u00fcber ihr eigenes Schicksal, Jungen folgen ihrem Herzen statt den Tr\u00e4umen ihrer V\u00e4ter. Sch\u00f6nheit ist keine Frage von \u00c4u\u00dferlichkeiten, und Hindernisse werden nicht durch Zauberei \u00fcberwunden, sondern mit Warmherzigkeit, Mut und der Hilfe getreuer Freund*innen, die einem zur Seite stehen.\u00a0<\/span><\/p>\n<p><span style=\"font-weight: 400;\">Hier trefft ihr Cinda, Alen, Bianca, Verena und eine immer weiter wachsende Zahl unvergesslicher Held*innen. So verschieden ihre Geschichten auch sein m\u00f6gen \u2013 ein Gedanke eint sie alle: Wie w\u00e4re es wohl, wenn wir die vertrauten M\u00e4rchen neu erz\u00e4hlen k\u00f6nnten?<\/span><\/p>\n\t\t\t\t\t\t\t\t\t\t\t\t\t\t\t\t\t\t\t\t\t\t<\/div>\n\t\t\t<\/div>\n\t\t<\/article>\n\t\n\n\t<div class=\"container mb-15 lg:mb-29.25 grid gap-6.25 md:grid-cols-2 xl:grid-cols-3 lg:gap-x-6.25 lg:gap-y-10.5\">\r\n\t\t\t\t\t<a href=\"https:\/\/twistedtales.tv\/de\/maerchen\/meera\/\" class=\"block post-item-el border-t-2 border-b-2 lg:border-t-[3px] lg:border-b-[3px] pt-9.25 pb-4\">\r\n\t<figure class=\"mb-8.5\">\r\n\t\t\t\t\t\t\t\t\t\r\n\t\t<img decoding=\"async\" src=\"https:\/\/twistedtales.tv\/wp-content\/uploads\/2025\/07\/tales-1024x448.png\" alt=\"Meera vom Korallenmeer\" loading=\"lazy\" class=\"lazyload object-cover rounded-lg w-full aspect-[393\/202]\">\t\t\r\n\t\t\r\n\t<\/figure>\t\r\n\t<strong class=\"block uppercase font-semibold text-4xl lg:text-[1.9285714286em]\/[1.1851851852]\">Meera vom Korallenmeer<\/strong>\r\n<\/a>\r\n\t\t\t\t\r\n\t\t\t\t\t<a href=\"https:\/\/twistedtales.tv\/de\/maerchen\/pocahontas\/\" class=\"block post-item-el border-t-2 border-b-2 lg:border-t-[3px] lg:border-b-[3px] pt-9.25 pb-4\">\r\n\t<figure class=\"mb-8.5\">\r\n\t\t\t\t\t\t\t\t\t\r\n\t\t<img decoding=\"async\" src=\"https:\/\/twistedtales.tv\/wp-content\/uploads\/2025\/07\/tales-1024x448.png\" alt=\"Pocahontas langweilt sich\" loading=\"lazy\" class=\"lazyload object-cover rounded-lg w-full aspect-[393\/202]\">\t\t\r\n\t\t\r\n\t<\/figure>\t\r\n\t<strong class=\"block uppercase font-semibold text-4xl lg:text-[1.9285714286em]\/[1.1851851852]\">Pocahontas langweilt sich<\/strong>\r\n<\/a>\r\n\t\t\t\t\r\n\t\t\t\t\t<a href=\"https:\/\/twistedtales.tv\/de\/maerchen\/cinda-real\/\" class=\"block post-item-el border-t-2 border-b-2 lg:border-t-[3px] lg:border-b-[3px] pt-9.25 pb-4\">\r\n\t<figure class=\"mb-8.5\">\r\n\t\t\t\t\t\t\t\t\t\r\n\t\t<img decoding=\"async\" src=\"https:\/\/twistedtales.tv\/wp-content\/uploads\/2025\/07\/img-tales-5.webp\" alt=\"Cinda Real\" loading=\"lazy\" class=\"lazyload object-cover rounded-lg w-full aspect-[393\/202]\">\t\t\r\n\t\t\r\n\t<\/figure>\t\r\n\t<strong class=\"block uppercase font-semibold text-4xl lg:text-[1.9285714286em]\/[1.1851851852]\">Cinda Real<\/strong>\r\n<\/a>\r\n\t\t\t\t\r\n\t\t\t\t\t<a href=\"https:\/\/twistedtales.tv\/de\/maerchen\/verena-und-die-schneekoenigin\/\" class=\"block post-item-el border-t-2 border-b-2 lg:border-t-[3px] lg:border-b-[3px] pt-9.25 pb-4\">\r\n\t<figure class=\"mb-8.5\">\r\n\t\t\t\t\t\t\t\t\t\r\n\t\t<img decoding=\"async\" src=\"https:\/\/twistedtales.tv\/wp-content\/uploads\/2025\/07\/tales-1024x448.png\" alt=\"Verena und die Schneek\u00f6nigin\" loading=\"lazy\" class=\"lazyload object-cover rounded-lg w-full aspect-[393\/202]\">\t\t\r\n\t\t\r\n\t<\/figure>\t\r\n\t<strong class=\"block uppercase font-semibold text-4xl lg:text-[1.9285714286em]\/[1.1851851852]\">Verena und die Schneek\u00f6nigin<\/strong>\r\n<\/a>\r\n\t\t\t\t\r\n\t\t\t\t\t<a href=\"https:\/\/twistedtales.tv\/de\/maerchen\/allen\/\" class=\"block post-item-el border-t-2 border-b-2 lg:border-t-[3px] lg:border-b-[3px] pt-9.25 pb-4\">\r\n\t<figure class=\"mb-8.5\">\r\n\t\t\t\t\t\t\t\t\t\r\n\t\t<img decoding=\"async\" src=\"https:\/\/twistedtales.tv\/wp-content\/uploads\/2025\/07\/tales-1024x448.png\" alt=\"Alen und die Wunderlampe\" loading=\"lazy\" class=\"lazyload object-cover rounded-lg w-full aspect-[393\/202]\">\t\t\r\n\t\t\r\n\t<\/figure>\t\r\n\t<strong class=\"block uppercase font-semibold text-4xl lg:text-[1.9285714286em]\/[1.1851851852]\">Alen und die Wunderlampe<\/strong>\r\n<\/a>\r\n\t\t\t\t\r\n\t\t\t\t\t<a href=\"https:\/\/twistedtales.tv\/de\/maerchen\/rotkaeppchens-zweite-begegnung-mit-dem-wolf\/\" class=\"block post-item-el border-t-2 border-b-2 lg:border-t-[3px] lg:border-b-[3px] pt-9.25 pb-4\">\r\n\t<figure class=\"mb-8.5\">\r\n\t\t\t\t\t\t\t\t\t\r\n\t\t<img decoding=\"async\" src=\"https:\/\/twistedtales.tv\/wp-content\/uploads\/2025\/07\/tales2-1024x448.png\" alt=\"Rotk\u00e4ppchens zweite Begegnung mit dem Wolf\" loading=\"lazy\" class=\"lazyload object-cover rounded-lg w-full aspect-[393\/202]\">\t\t\r\n\t\t\r\n\t<\/figure>\t\r\n\t<strong class=\"block uppercase font-semibold text-4xl lg:text-[1.9285714286em]\/[1.1851851852]\">Rotk\u00e4ppchens zweite Begegnung mit dem Wolf<\/strong>\r\n<\/a>\r\n\t\t\t\t\r\n\t\t\t\t\t<a href=\"https:\/\/twistedtales.tv\/de\/maerchen\/das-neue-maerchen-von-haensel-und-gretel\/\" class=\"block post-item-el border-t-2 border-b-2 lg:border-t-[3px] lg:border-b-[3px] pt-9.25 pb-4\">\r\n\t<figure class=\"mb-8.5\">\r\n\t\t\t\t\t\t\t\t\t\r\n\t\t<img decoding=\"async\" src=\"https:\/\/twistedtales.tv\/wp-content\/uploads\/2025\/07\/tales2-1024x448.png\" alt=\"Das neue M\u00e4rchen von H\u00e4nsel und Gretel\" loading=\"lazy\" class=\"lazyload object-cover rounded-lg w-full aspect-[393\/202]\">\t\t\r\n\t\t\r\n\t<\/figure>\t\r\n\t<strong class=\"block uppercase font-semibold text-4xl lg:text-[1.9285714286em]\/[1.1851851852]\">Das neue M\u00e4rchen von H\u00e4nsel und Gretel<\/strong>\r\n<\/a>\r\n\t\t\t\t\r\n\t\t\t\t\t<\/div>\r\n","protected":false},"excerpt":{"rendered":"","protected":false},"author":2,"featured_media":0,"parent":0,"menu_order":0,"comment_status":"closed","ping_status":"closed","template":"","meta":{"_acf_changed":false,"footnotes":""},"class_list":["post-2153","page","type-page","status-publish","hentry"],"acf":[],"_links":{"self":[{"href":"https:\/\/twistedtales.tv\/de\/wp-json\/wp\/v2\/pages\/2153","targetHints":{"allow":["GET"]}}],"collection":[{"href":"https:\/\/twistedtales.tv\/de\/wp-json\/wp\/v2\/pages"}],"about":[{"href":"https:\/\/twistedtales.tv\/de\/wp-json\/wp\/v2\/types\/page"}],"author":[{"embeddable":true,"href":"https:\/\/twistedtales.tv\/de\/wp-json\/wp\/v2\/users\/2"}],"replies":[{"embeddable":true,"href":"https:\/\/twistedtales.tv\/de\/wp-json\/wp\/v2\/comments?post=2153"}],"version-history":[{"count":5,"href":"https:\/\/twistedtales.tv\/de\/wp-json\/wp\/v2\/pages\/2153\/revisions"}],"predecessor-version":[{"id":2524,"href":"https:\/\/twistedtales.tv\/de\/wp-json\/wp\/v2\/pages\/2153\/revisions\/2524"}],"wp:attachment":[{"href":"https:\/\/twistedtales.tv\/de\/wp-json\/wp\/v2\/media?parent=2153"}],"curies":[{"name":"wp","href":"https:\/\/api.w.org\/{rel}","templated":true}]}}

Märchen

<article
			class="container about-article mb-10.75">
							<header class="border-t-2 italic text-[40px] pt-1 mb-8 md:mb-12.5 md:border-t-[3px] md:text-[50px] lg:text-[40px]">
					<strong class="font-semibold">Märchen</strong>
				</header>
						<div class="lg:grid lg:grid-cols-6 lg:gap-6.25">
				<div class="space-y-5 lg:space-y-6.25 lg:col-span-4 lg:col-start-2">
																																					<p><span style="font-weight: 400;">Bei Twisted Tales verharren Märchen nicht in der Vergangenheit. Wir erzählen die weltweit beliebtesten Geschichten neu, wobei Liebe, Mut und Empathie im Mittelpunkt stehen. </span></p>
<p><span style="font-weight: 400;">Altbekannte Figuren erhalten hier eine neue Stimme, neue Aufgaben und neue Träume. Mädchen bestimmen über ihr eigenes Schicksal, Jungen folgen ihrem Herzen statt den Träumen ihrer Väter. Schönheit ist keine Frage von Äußerlichkeiten, und Hindernisse werden nicht durch Zauberei überwunden, sondern mit Warmherzigkeit, Mut und der Hilfe getreuer Freund*innen, die einem zur Seite stehen. </span></p>
<p><span style="font-weight: 400;">Hier trefft ihr Cinda, Alen, Bianca, Verena und eine immer weiter wachsende Zahl unvergesslicher Held*innen. So verschieden ihre Geschichten auch sein mögen – ein Gedanke eint sie alle: Wie wäre es wohl, wenn wir die vertrauten Märchen neu erzählen könnten?</span></p>
																						</div>
			</div>
		</article>
	

	<div class="container mb-15 lg:mb-29.25 grid gap-6.25 md:grid-cols-2 xl:grid-cols-3 lg:gap-x-6.25 lg:gap-y-10.5">
					<a href="https://twistedtales.tv/de/maerchen/meera/" class="block post-item-el border-t-2 border-b-2 lg:border-t-[3px] lg:border-b-[3px] pt-9.25 pb-4">
	<figure class="mb-8.5">
									
		<img decoding="async" src="https://twistedtales.tv/wp-content/uploads/2025/07/tales-1024x448.png" alt="Meera vom Korallenmeer" loading="lazy" class="lazyload object-cover rounded-lg w-full aspect-[393/202]">		
		
	</figure>	
	<strong class="block uppercase font-semibold text-4xl lg:text-[1.9285714286em]/[1.1851851852]">Meera vom Korallenmeer</strong>
</a>
				
					<a href="https://twistedtales.tv/de/maerchen/pocahontas/" class="block post-item-el border-t-2 border-b-2 lg:border-t-[3px] lg:border-b-[3px] pt-9.25 pb-4">
	<figure class="mb-8.5">
									
		<img decoding="async" src="https://twistedtales.tv/wp-content/uploads/2025/07/tales-1024x448.png" alt="Pocahontas langweilt sich" loading="lazy" class="lazyload object-cover rounded-lg w-full aspect-[393/202]">		
		
	</figure>	
	<strong class="block uppercase font-semibold text-4xl lg:text-[1.9285714286em]/[1.1851851852]">Pocahontas langweilt sich</strong>
</a>
				
					<a href="https://twistedtales.tv/de/maerchen/cinda-real/" class="block post-item-el border-t-2 border-b-2 lg:border-t-[3px] lg:border-b-[3px] pt-9.25 pb-4">
	<figure class="mb-8.5">
									
		<img decoding="async" src="https://twistedtales.tv/wp-content/uploads/2025/07/img-tales-5.webp" alt="Cinda Real" loading="lazy" class="lazyload object-cover rounded-lg w-full aspect-[393/202]">		
		
	</figure>	
	<strong class="block uppercase font-semibold text-4xl lg:text-[1.9285714286em]/[1.1851851852]">Cinda Real</strong>
</a>
				
					<a href="https://twistedtales.tv/de/maerchen/verena-und-die-schneekoenigin/" class="block post-item-el border-t-2 border-b-2 lg:border-t-[3px] lg:border-b-[3px] pt-9.25 pb-4">
	<figure class="mb-8.5">
									
		<img decoding="async" src="https://twistedtales.tv/wp-content/uploads/2025/07/tales-1024x448.png" alt="Verena und die Schneekönigin" loading="lazy" class="lazyload object-cover rounded-lg w-full aspect-[393/202]">		
		
	</figure>	
	<strong class="block uppercase font-semibold text-4xl lg:text-[1.9285714286em]/[1.1851851852]">Verena und die Schneekönigin</strong>
</a>
				
					<a href="https://twistedtales.tv/de/maerchen/allen/" class="block post-item-el border-t-2 border-b-2 lg:border-t-[3px] lg:border-b-[3px] pt-9.25 pb-4">
	<figure class="mb-8.5">
									
		<img decoding="async" src="https://twistedtales.tv/wp-content/uploads/2025/07/tales-1024x448.png" alt="Alen und die Wunderlampe" loading="lazy" class="lazyload object-cover rounded-lg w-full aspect-[393/202]">		
		
	</figure>	
	<strong class="block uppercase font-semibold text-4xl lg:text-[1.9285714286em]/[1.1851851852]">Alen und die Wunderlampe</strong>
</a>
				
					<a href="https://twistedtales.tv/de/maerchen/rotkaeppchens-zweite-begegnung-mit-dem-wolf/" class="block post-item-el border-t-2 border-b-2 lg:border-t-[3px] lg:border-b-[3px] pt-9.25 pb-4">
	<figure class="mb-8.5">
									
		<img decoding="async" src="https://twistedtales.tv/wp-content/uploads/2025/07/tales2-1024x448.png" alt="Rotkäppchens zweite Begegnung mit dem Wolf" loading="lazy" class="lazyload object-cover rounded-lg w-full aspect-[393/202]">		
		
	</figure>	
	<strong class="block uppercase font-semibold text-4xl lg:text-[1.9285714286em]/[1.1851851852]">Rotkäppchens zweite Begegnung mit dem Wolf</strong>
</a>
				
					<a href="https://twistedtales.tv/de/maerchen/das-neue-maerchen-von-haensel-und-gretel/" class="block post-item-el border-t-2 border-b-2 lg:border-t-[3px] lg:border-b-[3px] pt-9.25 pb-4">
	<figure class="mb-8.5">
									
		<img decoding="async" src="https://twistedtales.tv/wp-content/uploads/2025/07/tales2-1024x448.png" alt="Das neue Märchen von Hänsel und Gretel" loading="lazy" class="lazyload object-cover rounded-lg w-full aspect-[393/202]">		
		
	</figure>	
	<strong class="block uppercase font-semibold text-4xl lg:text-[1.9285714286em]/[1.1851851852]">Das neue Märchen von Hänsel und Gretel</strong>
</a>
				
					</div>
